655/376 + (-1)/8?
8
Let f be 2/(1 + 20/(-12)). Let a be 16 + 3 + f*1. What is the units digit of 3/12 - (-12)/a?
1
Let o = -29 - -33. Let y be (6/o)/((-5)/(-10)). Let f(b) = 12*b + 3. What is the tens digit of f(y)?
3
Let j = 4431 - 2697. What is the hundreds digit of j?
7
Let g(v) = v**3 + 4*v**2 - 6*v - 5. Let j be g(-5). Suppose -84 + 402 = 2*r - 2*z, j = -4*z + 12. What is the units digit of r?
2
Suppose 4*x - 2*a = 17310, -4*x + 5*a + 3666 = -13629. What is the units digit of x?
0
Let i = 10 - 6. Suppose 4*c = 16 - i. What is the tens digit of 366/8 - c/(-12)?
4
Suppose 45379 = 16*x + 9187. What is the units digit of x?
2
Let a = 26 + -13. What is the units digit of 39/1 + a + -10?
2
Suppose 1259 = 2*m + r, -2*m + r + 2*r = -1279. What is the tens digit of m?
3
Suppose -9*o - 17*o = -145262. What is the units digit of o?
7
Let a = 3 - 3. Suppose -28 = -v + 5*d, d = -a*d + 3. What is the tens digit of v?
4
Suppose -4*c - 2 - 6 = 0. Let i = 9 - c. What is the units digit of i?
1
Suppose 14 = -r - 2*h + 5, 5*r + h = -18. What is the units digit of (-1)/((-1)/151)*(-3)/r?
1
Let t(m) = m**3 - 14*m**2 - 2*m + 24. Let n be t(14). Let z(d) be the third derivative of -d**4/6 + 5*d**3/6 - d**2. What is the units digit of z(n)?
1
Let d = 572 - 451. What is the tens digit of d?
2
Suppose -2*s - 4*q + 22 = 0, 0*s - s - q = -11. Suppose j - 17 = s. Suppose i = j - 4. What is the units digit of i?
4
Let p = 9 + -9. Let q be 5 - (p - -3) - 0. Suppose 4*v + 3*x = 68, 5*v - q*v - 3*x = 72. What is the units digit of v?
0
Suppose 0*j = -2*j + 20. Let t = 15 - 12. Suppose -t*f + f = -j. What is the units digit of f?
5
Let m(q) = 17*q**3 + q**2 - 1. Let d be m(-1). Let x = 24 + d. What is the units digit of x?
7
Suppose r = 3*y + 3554, -1841 = -r + 5*y + 1715. What is the thousands digit of r?
3
Suppose -5*h + 0*h + 1974 = 4*r, 3*h = 4*r + 1210. What is the tens digit of h?
9
Suppose -4*g + 7502 = 5*x, 4*g - 8*x + 10*x - 7496 = 0. What is the units digit of g?
3
Suppose -2*z + 5*z - 75 = 0. Let j = -20 + z. Suppose j*m + s - 85 = -0*s, 0 = 3*s + 15. What is the units digit of m?
8
What is the units digit of (-2 - (-390)/(-2))*(84 - 93)?
3
Suppose 0*s + 5*a = -s - 13, -3*s = 2*a. Suppose -x = s - 8. What is the units digit of x?
6
Let w = 13 - 11. Let l be ((-4)/(-12))/(w/66). Let p = -4 + l. What is the units digit of p?
7
Let k(g) = -4*g**3 + 5*g**2 - 4*g. What is the thousands digit of k(-8)?
2
Let x(b) = 101*b**3 + b**2 + 2*b - 2. What is the hundreds digit of x(1)?
1
Let h(d) = -d**3 + d**2 - 3*d - 4. Let x(s) = -s + 7. Let b be x(3). Let g be b/26 + 280/(-130). What is the units digit of h(g)?
4
Let q be (-36)/(-8)*6/(-9). What is the units digit of (-8 - 10)*10/q?
0
Let g(c) = c**2 - 1. Let u be g(0). Let y = u - -7. Suppose y*i - 64 = 2*i. What is the units digit of i?
6
Suppose 3*g - 25 = -4*t, -t + 3*t = 2*g - 40. Let z(y) = y**3 - 14*y**2 - 6*y + 3. What is the hundreds digit of z(g)?
1
Let q = 29 + -26. Suppose -y + q*o + 40 = 0, -2*o - 61 = -3*y + 31. What is the units digit of y?
8
Let d = 47 - 36. Suppose -d*n = -0*n - 1177. What is the hundreds digit of n?
1
Let k(x) = 46*x + 29. What is the hundreds digit of k(5)?
2
Let w(u) = 2*u**2 - 17*u - 95. What is the units digit of w(14)?
9
Let u(d) = 2 + 5 - 4*d + 2*d + 5. What is the units digit of u(0)?
2
Suppose -4*y + 5*q + 20 = -575, -4*y = -2*q - 598. What is the hundreds digit of y - (4 - ((-6)/(-2) - 1))?
1
Suppose -5*f + 23 = -7. What is the units digit of (36/(-10))/(f/(-15))?
9
Let t = 1195 - -1970. What is the tens digit of t?
6
Let t be (-948)/(-4) + (2 - -2). Suppose -3*y + t = 40. Let v = 95 - y. What is the tens digit of v?
2
Suppose 5*y = -12*y + 7259. What is the hundreds digit of y?
4
Suppose -14*a = -18651 - 40793. What is the thousands digit of a?
4
Suppose 0 = -37*h + 42*h - 70. Suppose 4*j = h + 198. What is the units digit of j?
3
Suppose -1 - 75 = -2*o. Suppose 40*m - o*m = 256. What is the tens digit of m?
2
Let c = -5 + 7. Let s be (-4)/(-10) + 46/10. Suppose 9 = c*t + 4*q - 13, q + 44 = s*t. What is the units digit of t?
9
Let k(h) = h**2 - 7*h + 204. What is the units digit of k(0)?
4
Let u(b) be the first derivative of -3 + 3*b - 5/3*b**3 + 1/4*b**4 + 0*b**2. What is the units digit of u(5)?
3
What is the thousands digit of 1318 + 0 - 4/1?
1
Let k = 10 + -6. What is the tens digit of 50 + k/(3 + -1)?
5
What is the hundreds digit of 93/(46*6/(-96) - -3)?
7
Suppose 2*s + 4*c + 678 = 0, -4*s + 5 = -5*c + 1322. Let x = s + 506. What is the hundreds digit of x?
1
What is the hundreds digit of 1199 + (3/1 + -1 - 6)?
1
Suppose 1388*g = 1381*g + 2170. What is the hundreds digit of g?
3
Let f = 473 + 315. What is the tens digit of f?
8
Suppose y = -2*y + 6. Let t be 1/(-4) - (-414)/(-8). What is the tens digit of (7/(-14))/(y/t)?
1
Let s = 1 - 0. Let f(i) = 65*i - 2. What is the tens digit of f(s)?
6
Let q = -4 + 6. Suppose -q = 3*o - o. What is the tens digit of (22 - o) + -1 + 0?
2
Let x(f) = f - 12. Let s be x(6). Let i = 7 + s. What is the units digit of 1 - -19 - (i + -4)?
3
Suppose 2*v - 37 = 4*j + 9, 0 = 5*v - 5. Suppose -36 = -10*i + 16*i. Let m = i - j. What is the units digit of m?
5
Suppose 2*w + 12 = -w, 0 = -3*k - 2*w + 1069. What is the tens digit of k?
5
Let d(g) be the third derivative of -11/24*g**4 + 0*g + 1/3*g**3 + 0 + g**2. What is the tens digit of d(-2)?
2
Let s = -32 - -362. What is the tens digit of s?
3
Suppose -21*n + 66 = -19*n. Suppose -3*l - 4*m = -0*m + n, -2*m = 0. Let x = 21 + l. What is the units digit of x?
0
Let w(y) = y + 19. Let k be w(-8). Let m be (k/(-33))/(1/111). What is the tens digit of 1 - (m + (-3 - -4))?
3
Let g(q) = 32*q - 41. Let a(m) = 16*m - 20. Let w(f) = -5*a(f) + 3*g(f). What is the tens digit of w(7)?
8
Suppose 2*c - 22 + 0 = 0. Let x = c - -12. What is the units digit of x?
3
Let o = 13 - 12. Suppose 0 = -2*i + o + 5. What is the units digit of i?
3
Let j be 4/6 - (-228)/9. Suppose -724 = 22*f - j*f. What is the tens digit of f?
8
What is the thousands digit of 5799/4 + 35/140?
1
Let j be ((-5)/(-2))/((-9)/(-18)). Suppose -286 = -j*l + x - 0*x, 0 = -3*l - 5*x + 194. What is the tens digit of l?
5
Let x be 9*9/(54/(-4)). Let j be (-2)/6 - 398/x. Suppose 0*k - 3*k = -j. What is the tens digit of k?
2
Let s = -633 + 1002. What is the units digit of s?
9
Let c = -76 - -73. What is the tens digit of (30/(-4) + 6)*244/c?
2
Let k = -100 - -217. Let f be k/(-4) - (-36)/(-48). What is the tens digit of 2212/60 - 4/f?
3
Let l(t) = -13*t + 8. Let u be l(2). What is the tens digit of (-3855)/(-27) - 4/u?
4
Let b(p) be the first derivative of p**4/4 + 4*p**3 + p**2 + 18*p + 5. Let v be b(-12). What is the tens digit of -6*-8*(-4)/v?
3
Suppose -4*z + 3 + 17 = 0. Suppose z*u = 36 - 1. Let t = u - 3. What is the units digit of t?
4
Let g(v) = -2*v**2 - 7*v + 3. Let b(i) = -2 + 3*i - i**2 - 2*i + 2*i**2 + 2*i. Let f(o) = 11*b(o) + 6*g(o). What is the units digit of f(-4)?
6
Let c(h) = -6*h**2 + 2 + 4*h**2 + 3 - 2*h - h**2 + 5*h**3. What is the hundreds digit of c(3)?
1
Let v(t) = t**2 - 3*t + 1. Let a be v(3). Let j be (6/2 + -6)/a. Let w(o) = 2*o**2 + o - 3. What is the units digit of w(j)?
2
Suppose -4*r + 3*r + 845 = 0. Suppose r = 13*o - 1014. What is the hundreds digit of o?
1
Let u(y) = -1111*y + 27. What is the hundreds digit of u(-1)?
1
Let x be (-6)/(-4)*(-32)/6. What is the units digit of x/6 - (-283)/3?
3
Let x = -16 + 27. Let h = 84 - x. What is the tens digit of h?
7
Let a = 333 - 235. What is the units digit of a?
8
Suppose q - 291 = 13. Suppose -3*u - 5*u + q = 0. What is the units digit of u?
8
Suppose 48*a = 119*a - 242039. What is the units digit of a?
9
Let c(m) = m**3 + m**2 - 2*m - 7. Suppose 3*j - 7*j = -2*k - 24, 5*j + 4*k = 4. What is the tens digit of c(j)?
6
Let x(t) = -183*t + 95*t + t**2 - 26 + 96*t. What is the units digit of x(-11)?
7
Suppose 15*j + 206 = 20036. What is the tens digit of j?
2
Let x = -334 + 125. Let j = x + 342. What is the hundreds digit of j?
1
Let h = -135 + 771. What is the tens digit of h?
3
Let i be ((-2)/(-5))/(1/65) - -1. What is the units digit of 0 + i + (-1 - -1) + -3?
4
Let u(m) = m**3 - 4*m**2 - 5*m. Let w be u(5). Let b = 2 - w. What is the units digit of (-5)/b*(-10)/1?
5
Sup